rime factors of 196/3 - d/9.
5, 13
Let o(y) = -2*y + 18. Let r be o(4). Suppose -r*w + 3*w = -686. What are the prime factors of w?
2, 7
Suppose 1097 = 6*r - 6427. List the prime factors of r.
2, 3, 11, 19
Let y = 1390 + -574. What are the prime factors of y?
2, 3, 17
Suppose -q - 4*a - 25 = 0, -3*a = 3*q + 114 - 21. What are the prime factors of 4*(q/(-2))/3?
2, 11
Let i(l) = -6*l**2 - 103*l + 9. What are the prime factors of i(-16)?
11
Let j be (-3)/(3/4) + -246. Let u = -167 - j. What are the prime factors of u?
83
Suppose -17*n = -19*n + 398. List the prime factors of n.
199
Let j(z) = z**2 - z + 7. Let a be j(-12). Let g = -112 + a. What are the prime factors of g?
3, 17
Suppose -6*w + 359 = -925. What are the prime factors of w?
2, 107
Let b = 65 - 62. Suppose -145 = -4*c + 3*p, -b*c = -3*p - 45 - 63. What are the prime factors of c?
37
Let x(q) = q + 7. Let r be x(-7). Suppose r = -s + n + 149, 3*n - 465 = s - 4*s. What are the prime factors of s?
2, 19
Let y = 27 - 26. Suppose d = -y + 25. List the prime factors of d.
2, 3
Let f be -1214*(9/6 + -2). Let x = f + -427. What are the prime factors of x?
2, 3, 5
Let f be 12/(-39)*-7 + (-6)/39. Suppose -u = -f*i + 175, 4*i + 3*u - 344 = -u. What are the prime factors of i?
3, 29
Let l = -4 + 6. Let y(w) = -w**2 + 17*w - 22. Let m be y(7). Suppose -3*j = -l*j - m. List the prime factors of j.
2, 3
Suppose 5*b - 3*d + 3 - 2 = 0, -4*b = -d - 2. Let n(f) = 135*f**2 - 4*f + 3. What are the prime factors of n(b)?
2, 67
Let b(p) = 5*p + 9 + 2*p - 3*p**2 + 2*p**2 - 2. Let m be b(7). Suppose 0 = 5*g - 3*h - 284, 0 = g - m*h + 2*h - 70. What are the prime factors of g?
5, 11
Let h(s) = -2*s**3 - 3*s**2 - 5*s - 6. Let d be h(-2). List the prime factors of (28/d + -3)/(2/136).
2, 17
Suppose 0 = -2*m - m - 456. Let f be (-3170)/40 + -5 - 4/(-16). Let s = f - m. What are the prime factors of s?
2, 17
Let q = -241 + 365. Let i = q + -77. What are the prime factors of i?
47
Suppose -26 = -f - 2. Let x(k) = k**3 - 25*k**2 + 25*k + 30. What are the prime factors of x(f)?
2, 3
Suppose 3222 = 15*c - 1083. What are the prime factors of c?
7, 41
Suppose -45 - 85 = -2*m. Let o = m - 45. Suppose 2*c + 138 = 4*g, g + 4*c - 1 = o. What are the prime factors of g?
3, 11
Let t = 604 + 39. List the prime factors of t.
643
Let f = -463 - -686. What are the prime factors of f?
223
Let f be 193/2 - 6/(-4). Suppose 0 = -13*x - 3 + 94. Suppose -f = -x*w - 0*w. What are the prime factors of w?
2, 7
Suppose -b = -4*s + 5116, 4*s = -s + 4*b + 6395. What are the prime factors of s?
1279
Suppose 0 = 13*p - 33 + 7. What are the prime factors of 1448/12 + 1/6*p?
11
Let w be 6*(-8)/(-6) + -3. Suppose -3*v = -0*v - a - 603, w*v - 1005 = 3*a. List the prime factors of v.
3, 67
Let j = 638 - 405. List the prime factors of j.
233
Let d(i) = -i**3 + 10*i**2 - 6*i + 24. Let t be d(8). Let z = 283 - t. List the prime factors of z.
179
Let j = 982 - -731. What are the prime factors of j?
3, 571
Suppose -92 = 8*z - 4*z + a, 58 = -3*z + 2*a. Let i = -5 + 42. Let y = i + z. What are the prime factors of y?
3, 5
Suppose 4*t - 2*u + 8 = 0, -5*t + u - 7 = -0*u. Let z be 870/8 - t/4. Suppose -4*l = -b - 128, 3*l - 2*b - z = 2*b. List the prime factors of l.
31
Suppose -2*n - 4 = 12. What are the prime factors of (10/n)/((-19)/1824)?
2, 3, 5
Let r = 8 + -8. Suppose -s + r = -3. Suppose -3*n - s*p + 24 = 0, -40 = -9*n + 4*n - 3*p. List the prime factors of n.
2
Let g be ((-3)/1)/(4 - 5). Suppose -g*a - 30 = -0*a. What are the prime factors of (a/1 - 1)*-1?
11
Suppose 13*v - 508 - 9112 = 0. List the prime factors of v.
2, 5, 37
Suppose 15*f = 13*f. Suppose -7*t + 5*t - 4*s + 76 = f, -4*t + 172 = -2*s. List the prime factors of t.
2, 3, 7
Let w = 236 - 121. Suppose 0 = 2*n + 5*d - w + 33, 4*n = -3*d + 150. What are the prime factors of n?
2, 3
Let x(l) = -22*l**3 - 24*l**2 - 118*l - 15. List the prime factors of x(-6).
3, 509
Let u = -44 - -79. Let k be -1 + 0 + 5 + 25/(-1). Let b = u + k. List the prime factors of b.
2, 7
Suppose -4 = -2*o + 2*b, -3*b + 2*b = 0. Suppose 14 = 2*q + i, 6 + 6 = 2*q + o*i. What are the prime factors of (q/(-12))/((-4)/234)?
3, 13
Let d = -44 + 82. Let z = -35 + d. What are the prime factors of z?
3
Let t(h) = 2*h**2 + 3*h. Let z be t(-2). Suppose -z*r + 50 = -r. Suppose o + o - r = 0. List the prime factors of o.
5
Suppose 0 = 2*q + 5*i - 127, 4*q = -6*i + 2*i + 236. Suppose -y + q = 52. List the prime factors of y.
2
Let w(o) = 2*o**3 + 14*o + 6. List the prime factors of w(7).
2, 5, 79
Let j(y) = 52*y**2 - 4 + 6 - 3. Let f be j(1). Let i = f - 31. List the prime factors of i.
2, 5
Let f(n) = 45*n - 1. Let v be f(1). Let g be ((-12)/(-15))/(6/15). Suppose 2*l - v - g = 0. What are the prime factors of l?
23
Let o(h) = 7*h**3 - 4*h**2 - 2*h + 1. Suppose -8*x - 7 + 23 = 0. List the prime factors of o(x).
37
Let d be (1 + -3)*(-10)/(-10 - -5). What are the prime factors of 80 - (d - (-5 - 0))?
79
Let f(n) = -n**3 + 4*n**2 + 6*n - 2. Let c be 4/2*5/2. List the prime factors of f(c).
3
Let d be -2 - ((-22)/6 - (-4)/(-12)). Suppose -f - 5*t + 394 = d*f, 2*f + t - 251 = 0. What are the prime factors of f?
3, 41
Let h = 213 - 103. Let m(g) = -g**3 + g + 6. Let b be m(0). List the prime factors of b*(h/(-3))/(-5).
2, 11
Suppose 0*k = k + 43. Let z = -211 - k. Let h = -108 - z. List the prime factors of h.
2, 3, 5
Let s(d) = 5*d**3 + 6*d**2 - 6. Let z(j) = -6*j**3 - 7*j**2 + 5. Let y(f) = -5*s(f) - 4*z(f). What are the prime factors of y(0)?
2, 5
Let y(u) = -32*u**3 + 4*u**2 + 7*u + 25. What are the prime factors of y(-4)?
3, 19, 37
Let j(q) = 25*q - 25*q - q**2 - 20*q**3. Let a be j(-1). Suppose k + a = 2*k. List the prime factors of k.
19
Suppose -6*a + 2*a - 19 = -3*i, -3*i - 5*a + 64 = 0. Suppose 312 = 16*f - i*f. What are the prime factors of f?
2, 13
Suppose -c + 2 = -y, 0 = 3*y + 4*c + c - 18. Suppose 0 = -t + y - 5. What are the prime factors of t*1*22/(-4)?
2, 11
Let g be ((-6)/2)/(15/30). Let h(k) = -k**3 - 7*k**2 - 6*k + 5. Let q be h(g). Suppose 3*i - 44 = -5*w + 1, -5*w + 75 = q*i. What are the prime factors of i?
3, 5
Suppose -2*f + 2*r = 3*f - 35, 0 = 2*f - 4*r - 14. List the prime factors of 3/42*-4 - (-163)/f.
23
Suppose 3*v = u - 1146, 8*u - 2293 = 6*u + 5*v. List the prime factors of u.
3, 383
Let k(b) = -b - b + b**3 + 4*b**2 - b - 5*b - 1. Let l(u) = -u**2 - u. Let a(j) = -k(j) + 2*l(j). List the prime factors of a(-7).
2
Let d be 383/((-1)/1)*-1. Let y = d - 225. Suppose 0 = 4*a - 2*f - y, 3*f + 0*f + 3 = 0. What are the prime factors of a?
3, 13
Let y = 0 - 0. Suppose -4 = -2*d - y*d - 2*b, -5*b = -5*d + 60. Suppose -3*w = -f - 59, -3*w = 4*f - d*f - 51. List the prime factors of w.
3, 7
Suppose -6*o = -0*o. Suppose i = 2, 5*a = -i - o*i + 7. What are the prime factors of -2*((-3)/a + -19)?
2, 11
Let m = -3628 - -5752. List the prime factors of m.
2, 3, 59
List the prime factors of (-4)/4 - 1 - (-203 + 0).
3, 67
Let p = -442 + 937. What are the prime factors of p?
3, 5, 11
Let v = 89 - 52. Suppose -3*t + 44 = -5*b, t + 13 = 3*b + v. Let m = 32 + b. What are the prime factors of m?
5
Let c be 44/10 + -5*(-2)/(-25). Suppose -5*w = c*w - 1422. What are the prime factors of w?
2, 79
Let h be 1 + 0 + (-1 - -5). Let w be 10/45 + (-9928)/(-36). Suppose -a + w = h*a. What are the prime factors of a?
2, 23
Let n = 73 - 57. List the prime factors of n.
2
Let v(k) = 6*k**3 + 2*k**2 + 11*k - 8. List the prime factors of v(5).
7, 11
Let h(q) = q**3 - 11*q**2 + 24*q + 20. What are the prime factors of h(9)?
2, 37
Suppose -16 = 24*s - 28*s. Suppose -u = -s*h + 5*h - 69, h - u = 77. What are the prime factors of h?
73
Let q be 1/(-2) + 462/28. Let s = 52 - q. List the prime factors of s.
2, 3
Let k = 70 + -68. What are the prime factors of (k/3)/((10/(-258))/(-5))?
2, 43
Let m(g) be the third derivative of -g**6/120 + g**5/30 + g**4/24 + 83*g**3/6 + 37*g**2. List the prime factors of m(0).
83
Suppose 5*k - k - 16 = 0, -3*k - 801 = -3*a. What are the prime factors of a?
271
Let d = 584 - 279. What are the prime factors of d?
5, 61
Let c(o) = o**3 + o**2 - 7*o + 3. Let m be (0*(-2)/(-10))/1. Suppose m = -2*i + u + 11, -6*i - u = -3*i - 4. What are the prime factors of c(i)?
2, 3
Let a(r) = r**2 + 4*r - 10. Let x be a(-6